List the prime factors of o.
7, 11
Let t = 39 + -14. What are the prime factors of t?
5
Suppose 0*p + 10 = 2*p. Suppose 2*r + 70 = 5*r - p*t, -3*t = 2*r - 15. What are the prime factors of r?
3, 5
Suppose -c + 15 = -3*r - 2, 0 = 5*r + 25. Suppose -20 = 3*x - 8*x + l, 0 = c*l. Suppose 10 = x*k - 10. List the prime factors of k.
5
Let z(p) = 41*p + 17. List the prime factors of z(5).
2, 3, 37
Suppose 4*k + 7 = -1. Let q = k + 4. What are the prime factors of ((-2)/5)/(q/(-10))?
2
List the prime factors of (3 - 2) + -1 + 24.
2, 3
Let k(r) = 9*r + 13. Let n(h) = -3*h - 4. Let d(f) = 2*k(f) + 7*n(f). Let v be d(3). Let q(b) = -b + 5. List the prime factors of q(v).
2
Suppose 0 = 4*b - 1384 - 44. What are the prime factors of b?
3, 7, 17
Let v = 74 + -49. List the prime factors of v.
5
Let f be 3 + (1 - 5 - -17). Let s = f - 12. What are the prime factors of s?
2
Suppose -4*p + 6 = -14. Suppose 156 = -x + p*x. What are the prime factors of x?
3, 13
Suppose -3*q - 4*p = -10, 5*q - 2*p - 13 = -5. Suppose t = q*o - 4 - 34, 0 = -2*t - 4. Suppose o = j + j. What are the prime factors of j?
3
Let x be -2 - (-15 + (-6 - -3)). Suppose -4*u - u + 3*t + 122 = 0, -t = -4*u + 99. Let z = u - x. List the prime factors of z.
3
Let m(l) = -10*l - 3. Let k be m(5). Let w = 106 + k. List the prime factors of w.
53
Let c(x) = 4*x**2 + 2*x + 1. Let o be c(-1). Let f be 8/1 + (2 - o). Suppose -4*k = -9 - f. What are the prime factors of k?
2
Suppose 3*s + 192 = 7*s. List the prime factors of s.
2, 3
Suppose -2*d - 28 = -4*i + 32, 4*i + 2*d = 76. Suppose -4*s + 4*q + 23 = -i, -2*s + 3*q = -21. List the prime factors of s.
3
Let t(w) = -5*w**3 + 4*w**2 - w - 2. Let o be t(2). Let n = 42 + o. List the prime factors of n.
2, 7
Let w = -10 - -35. Suppose -w = -8*q + 4*q + 3*g, -3*g = 3*q - 24. List the prime factors of q.
7
Let u(x) = -x - 2. Let d(a) = 2*a + 3. Let t(y) = -2*d(y) - 3*u(y). What are the prime factors of t(-7)?
7
Let q(p) = -p**2 - 18*p. List the prime factors of q(-11).
7, 11
Let w(d) be the second derivative of -d**4/12 - d**3 - d. What are the prime factors of w(-5)?
5
Let x(g) = 5*g - 1. Let d be x(1). Suppose -2*c + 94 = 4*p, -d*c = -p - 247 + 95. What are the prime factors of c?
3, 13
Suppose -3*q + 2*r = 188, -3*q = -0*q - 5*r + 182. Let w = q - -89. List the prime factors of w.
5
Let c(p) = 4*p**2 + 4*p + 3. Let b(d) = -d**2 - d + 1. Let t(v) = -3*v**2 - 10*v - 3. Let k(q) = 2*b(q) - t(q). Let x be k(-7). List the prime factors of c(x).
11
Let w = -29 - -88. Suppose 4*p - 1 = w. List the prime factors of p.
3, 5
Suppose -4*w - h = w - 22, -5*h + 5 = 4*w. Suppose w*n - 11*n = -132. What are the prime factors of n?
2, 11
Suppose g - 30 = 98. What are the prime factors of g?
2
Let o(w) = w + 12. Let t be o(0). What are the prime factors of ((-18)/(-15))/(t/160)?
2
Let v(s) = -10*s - 3. Suppose -i - i - 10 = 0. What are the prime factors of v(i)?
47
Let k = -7 + 85. List the prime factors of k.
2, 3, 13
Let k(b) = -b + 7. Let m be k(8). Let p be (2/(-2))/m*31. Let s = -19 + p. What are the prime factors of s?
2, 3
Let x be (-3)/3 + -1 + 5. Suppose -w = -4, -x*l - w = -4*w + 3. List the prime factors of l.
3
Suppose 343 - 51 = 4*y. List the prime factors of y.
73
Let q = -13 + 18. Suppose -4*u + q = -3*u. Suppose -u*t + 49 = 3*d, -6 = -3*d + 6*d. What are the prime factors of t?
11
Let v = -8 + 1. Let b = v + 11. List the prime factors of b.
2
What are the prime factors of ((-1053)/(-6) + -2)/((-8)/(-16))?
347
Suppose -p - c + 0*c = -18, 3*p - 2*c - 44 = 0. What are the prime factors of p?
2
Suppose -2*o = 3*n - 37, 0 = 3*n - 5*o + 4*o - 40. List the prime factors of n.
13
Suppose 0 = v - 37 - 36. What are the prime factors of v?
73
Suppose -150 = -5*o - 3*w + 215, -162 = -2*o + 2*w. List the prime factors of o.
2, 19
Let p be 3 - (6/(-2) - -2). Suppose -p*i + 8 = -d, -22 + 0 = -2*i - 4*d. Suppose -3*h + 48 = i*t, -3*h + 70 = h + t. List the prime factors of h.
2, 3
Suppose 0 = -4*o - 3*i - 0*i, -4*o + i = -16. Suppose -44 = -o*j + j. What are the prime factors of j?
2, 11
Let k(j) be the first derivative of j**5/20 - j**4/2 - j**3 + 3*j**2/2 + 2*j + 2. Let y(g) be the first derivative of k(g). List the prime factors of y(7).
2, 5
Suppose -9*y + 5*y = -52. Suppose -2*x - 80 = -4*g, g + x - 5*x - y = 0. List the prime factors of g.
3, 7
Suppose 7*l = 2*l + 285. Suppose 0*h + l = 3*h. What are the prime factors of h?
19
Let q be (4/2)/((-1)/(-2)). Let f(w) = 17*w**3 + 2*w - 4*w - 3*w + q*w. What are the prime factors of f(1)?
2
Let t(o) be the second derivative of -o**4/12 + o**2 + 2*o. What are the prime factors of t(0)?
2
Let o = 1 - 5. List the prime factors of (o/10)/(1/(-55)).
2, 11
Let m(p) = -3*p - 2. Let a be m(-9). Suppose -a = -4*n + 71. What are the prime factors of n?
2, 3
Let g = 4 + -11. Suppose 5*w - 14 + 39 = 0. Let f = w - g. List the prime factors of f.
2
Let t(i) = -i**3 + 8*i**2 - 2*i - 1. Let p = -6 - -13. Let h be t(p). Let b = -23 + h. What are the prime factors of b?
11
Suppose -2*r - 55 = 5*h, -2*h - 6*r - 43 = -r. Let l(m) = m**2 + 4*m - 3. Let g be l(-5). What are the prime factors of g + 6/h*-15?
2, 3
Suppose -2 - 2 = 2*o, -2*x - 2*o = -180. What are the prime factors of x?
2, 23
Suppose 4*n - 11 - 5 = 0. List the prime factors of 4*(-3 - (-14)/n).
2
Let l be 24/13 - 14/(-91). Suppose 6*d = d - l*v + 17, -18 = -5*d - 3*v. List the prime factors of d.
3
Let w be (0/(-1 - -3))/2. Suppose -3 = 5*p + a - 13, -5*p + 2*a + 10 = w. List the prime factors of p.
2
Let u = -1 - -1. Suppose -4*v + 129 = -v. Suppose 4*w + 3*o = v, -4*o = -4*w - u*w + 64. What are the prime factors of w?
13
Let x be 794/11 + (-2)/11. Suppose 40 = f - 5*k, -3*k = -4*f - 5*k + x. List the prime factors of (4 + -5)/((-2)/f).
2, 5
Let m = -5 - -8. Suppose -2*u - 5*w + m = -17, 0 = u + 2*w - 9. Suppose 8*s + u = 3*s, d - 8 = 4*s. List the prime factors of d.
2
Let y = 21 - -17. List the prime factors of y.
2, 19
Let v = 216 + -124. List the prime factors of v.
2, 23
Let p(i) = 2*i**2 - 3*i - 4. Suppose 5*v - 18 = -y, -3*v + 3 = y - 7. List the prime factors of p(v).
2
Let w be (-24)/10*(-100)/15. What are the prime factors of (w - 3/(-3))/1?
17
Suppose 0 = -0*l - 4*l + 100. Suppose -4*t + l = -11. List the prime factors of t.
3
Suppose -159 = -4*p + 3*u, 0 = -5*p - 2*u - 120 + 290. What are the prime factors of p?
2, 3
Let q = 3 + 2. Suppose -6*z = -z - q. List the prime factors of z/(-3) - (-25)/3.
2
Let i(l) = l**3 - 12*l**2 - 12*l + 4. Let q be i(13). Suppose 7 = w + q. Let z = w + 25. List the prime factors of z.
3, 5
Let j = -214 - -307. What are the prime factors of j?
3, 31
Let x be (-1 + 3)*-1 - -10. Let r = x + -3. What are the prime factors of r?
5
Suppose -f + 164 = 3*f. What are the prime factors of f?
41
Let k = 159 - 48. List the prime factors of k.
3, 37
Let c(g) = 5 - 12*g**3 + 7*g**3 - 6*g + 7*g**2 + 4*g**3. Let n = 15 - 9. List the prime factors of c(n).
5
Let y(p) = -p**3 + 4*p**2 - 2*p + 6. Let w be y(4). Let g be ((-1)/w)/((-1)/(-22)). Let l = g + 1. What are the prime factors of l?
2, 3
Suppose 0 = 3*z - 4 - 5. Suppose 12 = -s + z*s. Suppose 2*b - s = -0. List the prime factors of b.
3
Suppose -128 = -3*o + 2*o + f, 0 = -5*o - 3*f + 672. What are the prime factors of o?
2, 3, 11
Let s = -24 + 53. List the prime factors of s.
29
Let p(v) = v + 76. Let i be p(0). Suppose 0 = 5*a - i - 4. What are the prime factors of a?
2
Let n = 69 - 36. What are the prime factors of n?
3, 11
Let x(z) be the first derivative of z**2 + 14*z - 7. What are the prime factors of x(15)?
2, 11
Suppose c = -3*b + 165, 2*b + 5*c + 39 = 3*b. What are the prime factors of b?
2, 3
Suppose 24 = 5*v - 96. Suppose 0 = -5*i - 20, 2*l + 0*i = 4*i + v. What are the prime factors of l?
2
Let g be -1 + (-2)/(-1) + -3. Let w be (4 + -2)/(-3 - g). What are the prime factors of w/(-4)*(3 + 1)?
2
Suppose 2*r = -2*c, 0 = 2*r - 0 - 4. Let j be (5 - 2)/(2 + -1). What are the prime factors of 8 + j + 1 + c?
2, 5
Suppose 127 = 3*n - 2*g - 7, 5*n - 221 = g. Let v be (-70)/(-22) - 8/n. Suppose v*b - b = 6. What are the prime factors of b?
3
Suppose 0 = 6*n - 2*n - v - 12, 0 = 3*n - 2*v - 4. Let z be (-6)/(-15)*(1 + n). Suppose i - 1 = p - z, 0 = 4*i - 3*p + 1. List the prime factors of